 when 45507 is divided by 947?
51
Calculate the remainder when 8167 is divided by 35.
12
Calculate the remainder when 2696 is divided by 876.
68
Calculate the remainder when 7973 is divided by 98.
35
Calculate the remainder when 11230 is divided by 15.
10
What is the remainder when 4673 is divided by 7?
4
Calculate the remainder when 4323 is divided by 872.
835
What is the remainder when 23762 is divided by 23751?
11
Calculate the remainder when 8229 is divided by 21.
18
What is the remainder when 17294 is divided by 116?
10
Calculate the remainder when 1065 is divided by 5.
0
Calculate the remainder when 63839 is divided by 233.
230
Calculate the remainder when 242317 is divided by 65.
62
Calculate the remainder when 1131538 is divided by 178.
170
Calculate the remainder when 5561 is divided by 1836.
53
Calculate the remainder when 2335 is divided by 210.
25
What is the remainder when 51995 is divided by 10394?
25
Calculate the remainder when 9884 is divided by 3186.
326
Calculate the remainder when 10964 is divided by 59.
49
What is the remainder when 11013 is divided by 81?
78
Calculate the remainder when 1474 is divided by 27.
16
What is the remainder when 1127 is divided by 222?
17
Calculate the remainder when 1834845 is divided by 2493.
2490
What is the remainder when 1162524 is divided by 104?
12
Calculate the remainder when 20045 is divided by 302.
113
Calculate the remainder when 1834 is divided by 915.
4
What is the remainder when 26071 is divided by 1534?
1527
What is the remainder when 574 is divided by 500?
74
Calculate the remainder when 29997 is divided by 14.
9
Calculate the remainder when 52178 is divided by 147.
140
Calculate the remainder when 96280 is divided by 19240.
80
Calculate the remainder when 38877 is divided by 9716.
13
What is the remainder when 3731 is divided by 157?
120
What is the remainder when 5653 is divided by 5647?
6
Calculate the remainder when 1334842 is divided by 19.
16
What is the remainder when 750 is divided by 172?
62
Calculate the remainder when 5365 is divided by 886.
49
Calculate the remainder when 61379 is divided by 90.
89
Calculate the remainder when 30311 is divided by 617.
78
Calculate the remainder when 24484 is divided by 8150.
34
What is the remainder when 23566 is divided by 523?
31
Calculate the remainder when 20298 is divided by 19995.
303
What is the remainder when 3591 is divided by 3571?
20
Calculate the remainder when 30668 is divided by 510.
68
Calculate the remainder when 12773 is divided by 175.
173
Calculate the remainder when 41356 is divided by 80.
76
Calculate the remainder when 807 is divided by 450.
357
Calculate the remainder when 2415 is divided by 83.
8
Calculate the remainder when 52724 is divided by 247.
113
Calculate the remainder when 33269 is divided by 1512.
5
What is the remainder when 199436 is divided by 554?
550
Calculate the remainder when 2079 is divided by 673.
60
Calculate the remainder when 574 is divided by 113.
9
What is the remainder when 25319 is divided by 232?
31
Calculate the remainder when 545108 is divided by 536.
532
Calculate the remainder when 4515 is divided by 4505.
10
Calculate the remainder when 19948 is divided by 214.
46
Calculate the remainder when 16084 is divided by 189.
19
What is the remainder when 1006 is divided by 332?
10
What is the remainder when 6485 is divided by 926?
3
Calculate the remainder when 2345 is divided by 773.
26
What is the remainder when 526 is divided by 102?
16
Calculate the remainder when 30735 is divided by 10244.
3
Calculate the remainder when 2523203 is divided by 49.
46
Calculate the remainder when 129980 is divided by 599.
596
Calculate the remainder when 96776 is divided by 14.
8
Calculate the remainder when 45761 is divided by 135.
131
What is the remainder when 3741 is divided by 4?
1
What is the remainder when 728821 is divided by 71?
6
What is the remainder when 7037 is divided by 226?
31
Calculate the remainder when 5708 is divided by 4.
0
What is the remainder when 18326 is divided by 3473?
961
Calculate the remainder when 8405 is divided by 8393.
12
What is the remainder when 107427 is divided by 741?
723
What is the remainder when 1001918 is divided by 62?
60
What is the remainder when 103441 is divided by 932?
921
Calculate the remainder when 48562 is divided by 24.
10
Calculate the remainder when 1972579 is divided by 145.
144
What is the remainder when 9267 is divided by 45?
42
What is the remainder when 304 is divided by 48?
16
Calculate the remainder when 27898 is divided by 1578.
1072
Calculate the remainder when 2000 is divided by 146.
102
Calculate the remainder when 354641 is divided by 25.
16
Calculate the remainder when 932797 is divided by 43.
41
What is the remainder when 14344 is divided by 3582?
16
What is the remainder when 523075 is divided by 8575?
0
What is the remainder when 8676 is divided by 1391?
330
What is the remainder when 33795 is divided by 332?
263
Calculate the remainder when 19006 is divided by 73.
26
Calculate the remainder when 43888 is divided by 127.
73
What is the remainder when 9176 is divided by 106?
60
What is the remainder when 1562 is divided by 779?
4
What is the remainder when 33966 is divided by 11?
9
What is the remainder when 35641 is divided by 62?
53
Calculate the remainder when 377597 is divided by 20.
17
Calculate the remainder when 769544 is divided by 49.
48
What is the remainder when 4274 is divided by 241?
177
Calculate the remainder when 5566 is divided by 252.
22
What is the remainder when 2014 is divided by 622?
148
What is the remainder when 24903 is divided by 6194?
127
Calculate the remainder when 27683 is divided by 43.
34
Calculate the remainder when 60189 is divided by 145.
14
What is the remainder when 1692 is divided by 832?
28
Calculate the remainder when 2417 is divided by 516.
353
What is the remainder when 87586 is divided by 338?
44
What is the remainder when 1404 is divided by 1?
0
Calculate the remainder when 1439 is divided by 69.
59
Calculate the remainder when 89287 is divided by 102.
37
What is the remainder when 196043 is divided by 527?
526
What is the remainder when 25168 is divided by 571?
44
Calculate the remainder when 13687 is divided by 76.
7
What is the remainder when 1466089 is divided by 313?
310
What is the remainder when 11082 is divided by 161?
134
Calculate the remainder when 172146 is divided by 34429.
1
Calculate the remainder when 10567 is divided by 10541.
26
Calculate the remainder when 82816 is divided by 753.
739
What is the remainder when 1378 is divided by 208?
130
What is the remainder when 636 is divided by 215?
206
Calculate the remainder when 77416 is divided by 70.
66
What is the remainder when 111382 is divided by 252?
250
What is the remainder when 30282 is divided by 63?
42
What is the remainder when 8326 is divided by 65?
6
What is the remainder when 508620 is divided by 51?
48
What is the remainder when 40390 is divided by 6631?
604
Calculate the remainder when 19064 is divided by 8950.
1164
What is the remainder when 371546 is divided by 15?
11
What is the remainder when 253164 is divided by 554?
540
What is the remainder when 35732 is divided by 17779?
174
What is the remainder when 1573 is divided by 436?
265
What is the remainder when 131024 is divided by 13?
10
Calculate the remainder when 90952 is divided by 135.
97
Calculate the remainder when 175432 is divided by 43835.
92
Calculate the remainder when 9905 is divided by 1509.
851
Calculate the remainder when 11429 is divided by 133.
124
Calculate the remainder when 30143 is divided by 7534.
7
Calculate the remainder when 31774 is divided by 90.
4
Calculate the remainder when 72458 is divided by 31.
11
What is the remainder when 436523 is divided by 533?
529
Calculate the remainder when 146322 is divided by 4571.
50
What is the remainder when 118164 is divided by 9083?
85
What is the remainder when 779 is divided by 612?
167
Calculate the remainder when 382047 is divided by 75.
72
Calculate the remainder when 397479 is divided by 17.
2
Calculate the remainder when 459899 is divided by 1204.
1175
Calculate the remainder when 542699 is divided by 289.
246
What is the remainder when 1497 is divided by 52?
41
What is the remai